{"id":16,"date":"2018-08-25T13:39:09","date_gmt":"2018-08-25T13:39:09","guid":{"rendered":"https:\/\/trachauer-hausgemachtes.de\/?page_id=16"},"modified":"2018-11-11T11:40:20","modified_gmt":"2018-11-11T11:40:20","slug":"beispiel-buffets","status":"publish","type":"page","link":"https:\/\/trachauer-hausgemachtes.de\/?page_id=16","title":{"rendered":"Beispiel-Buffets"},"content":{"rendered":"<p>Eine kleine Auswahl an M\u00f6glichkeiten zeigen unsere Beispiel-Buffets<\/p>\n<p><strong>Einfaches Buffet<\/strong><\/p>\n<p><strong><img data-recalc-dims=\"1\" loading=\"lazy\" decoding=\"async\" data-attachment-id=\"60\" data-permalink=\"https:\/\/trachauer-hausgemachtes.de\/?attachment_id=60\" data-orig-file=\"https:\/\/i0.wp.com\/trachauer-hausgemachtes.de\/wp-content\/uploads\/2018\/11\/IMG_0361.jpg?fit=500%2C333&amp;ssl=1\" data-orig-size=\"500,333\" data-comments-opened=\"1\" data-image-meta=\"{&quot;aperture&quot;:&quot;7.1&quot;,&quot;credit&quot;:&quot;&quot;,&quot;camera&quot;:&quot;Canon EOS 550D&quot;,&quot;caption&quot;:&quot;&quot;,&quot;created_timestamp&quot;:&quot;1471719915&quot;,&quot;copyright&quot;:&quot;&quot;,&quot;focal_length&quot;:&quot;24&quot;,&quot;iso&quot;:&quot;6400&quot;,&quot;shutter_speed&quot;:&quot;0.01&quot;,&quot;title&quot;:&quot;&quot;,&quot;orientation&quot;:&quot;0&quot;}\" data-image-title=\"IMG_0361\" data-image-description=\"\" data-image-caption=\"\" data-large-file=\"https:\/\/i0.wp.com\/trachauer-hausgemachtes.de\/wp-content\/uploads\/2018\/11\/IMG_0361.jpg?fit=500%2C333&amp;ssl=1\" class=\"size-medium wp-image-60 alignright\" src=\"https:\/\/i0.wp.com\/trachauer-hausgemachtes.de\/wp-content\/uploads\/2018\/11\/IMG_0361.jpg?resize=300%2C200&#038;ssl=1\" alt=\"\" width=\"300\" height=\"200\" srcset=\"https:\/\/i0.wp.com\/trachauer-hausgemachtes.de\/wp-content\/uploads\/2018\/11\/IMG_0361.jpg?resize=300%2C200&amp;ssl=1 300w, https:\/\/i0.wp.com\/trachauer-hausgemachtes.de\/wp-content\/uploads\/2018\/11\/IMG_0361.jpg?w=500&amp;ssl=1 500w\" sizes=\"auto, (max-width: 300px) 100vw, 300px\" \/><\/strong><\/p>\n<ul>\n<li><strong>Vorspeisen<\/strong>\n<ul>\n<li>Gr\u00fcner Salat<\/li>\n<li>Bruscetta<\/li>\n<li>Brot mit Aufstrich<\/li>\n<\/ul>\n<\/li>\n<li><strong>Hauptspeisen<\/strong>\n<ul>\n<li>Penne<\/li>\n<li>Schweinefleisch alla Pizzaiola<\/li>\n<li>Mediterranes Gem\u00fcse<\/li>\n<\/ul>\n<\/li>\n<li><strong>Dessert<\/strong>\n<ul>\n<li>Schokokuchen<\/li>\n<li>Obstplatte oder Obstsalat<\/li>\n<\/ul>\n<\/li>\n<\/ul>\n<p><strong>Einfaches Buffet Sri Lankische K\u00fcche<\/strong><\/p>\n<figure id=\"attachment_64\" aria-describedby=\"caption-attachment-64\" style=\"width: 300px\" class=\"wp-caption alignleft\"><img data-recalc-dims=\"1\" loading=\"lazy\" decoding=\"async\" data-attachment-id=\"64\" data-permalink=\"https:\/\/trachauer-hausgemachtes.de\/?attachment_id=64\" data-orig-file=\"https:\/\/i0.wp.com\/trachauer-hausgemachtes.de\/wp-content\/uploads\/2018\/11\/IMG_20170713_052350.jpg?fit=500%2C375&amp;ssl=1\" data-orig-size=\"500,375\" data-comments-opened=\"1\" data-image-meta=\"{&quot;aperture&quot;:&quot;2.2&quot;,&quot;credit&quot;:&quot;&quot;,&quot;camera&quot;:&quot;VTR-L09&quot;,&quot;caption&quot;:&quot;cof&quot;,&quot;created_timestamp&quot;:&quot;1499923431&quot;,&quot;copyright&quot;:&quot;&quot;,&quot;focal_length&quot;:&quot;3.95&quot;,&quot;iso&quot;:&quot;50&quot;,&quot;shutter_speed&quot;:&quot;0.016667&quot;,&quot;title&quot;:&quot;cof&quot;,&quot;orientation&quot;:&quot;0&quot;}\" data-image-title=\"cof\" data-image-description=\"\" data-image-caption=\"&lt;p&gt;cof&lt;\/p&gt;\n\" data-large-file=\"https:\/\/i0.wp.com\/trachauer-hausgemachtes.de\/wp-content\/uploads\/2018\/11\/IMG_20170713_052350.jpg?fit=500%2C375&amp;ssl=1\" class=\"size-medium wp-image-64\" src=\"https:\/\/i0.wp.com\/trachauer-hausgemachtes.de\/wp-content\/uploads\/2018\/11\/IMG_20170713_052350.jpg?resize=300%2C225&#038;ssl=1\" alt=\"\" width=\"300\" height=\"225\" srcset=\"https:\/\/i0.wp.com\/trachauer-hausgemachtes.de\/wp-content\/uploads\/2018\/11\/IMG_20170713_052350.jpg?resize=300%2C225&amp;ssl=1 300w, https:\/\/i0.wp.com\/trachauer-hausgemachtes.de\/wp-content\/uploads\/2018\/11\/IMG_20170713_052350.jpg?w=500&amp;ssl=1 500w\" sizes=\"auto, (max-width: 300px) 100vw, 300px\" \/><figcaption id=\"caption-attachment-64\" class=\"wp-caption-text\">cof<\/figcaption><\/figure>\n<ul>\n<li><strong>Vorspeise<\/strong>\n<ul>\n<li>Gem\u00fcsesalat aus Sri Lanka<\/li>\n<li>Roti\u00a0 (Fladenbrote mit Kokos)<\/li>\n<\/ul>\n<\/li>\n<li><strong>Hauptgerichte<\/strong>\n<ul>\n<li>Reis<\/li>\n<li>Dhal (Linsencurry)<\/li>\n<li>Rote-Beete-Curry<\/li>\n<li>Bohnencurry<\/li>\n<\/ul>\n<\/li>\n<li><strong>Dessert<\/strong>\n<ul>\n<li>Mangopudding<\/li>\n<\/ul>\n<\/li>\n<\/ul>\n<p><strong>Buffet mittlerer Preisklasse<\/strong><\/p>\n<ul>\n<li><strong>Vorspeisen<\/strong>\n<ul>\n<li>Italienische Antipasti<\/li>\n<li>Linsensalat mit Mango<\/li>\n<li>Brot mit zweierlei Aufstrichen<\/li>\n<\/ul>\n<\/li>\n<li><strong>Hauptgericht<\/strong>\n<ul>\n<li>Gegrillte Schweinslende mit Gurkenkartoffeln<\/li>\n<li>Spinatlasagne<\/li>\n<\/ul>\n<\/li>\n<li><strong>Dessert<\/strong>\n<ul>\n<li>Brombeeren mit Vanillecreme<\/li>\n<li>Bananen-Schokokuchen<\/li>\n<\/ul>\n<\/li>\n<\/ul>\n<p>Das Men\u00fc kann aufgewertet werden z.B. mit einer weiteren Vorspeise (z.B. Franz\u00f6sischer Blumenkohlsalat mit Kapern und Ei) und einem weiteren Hauptgericht (z.B. H\u00fchnchenschnitzel oder gebratene Garnelen)<\/p>\n<p>&nbsp;<\/p>\n<p><strong>Buffet mittlerer Preisklasse peruanisch<\/strong><\/p>\n<ul>\n<li><strong>Vorspeisen<\/strong>\n<ul>\n<li>Salsa creolla<\/li>\n<li>Bohnen-Tomatensalat mit Koriander<\/li>\n<li>Causa Rellena (Peruanischer Schichtkartoffelsalat)<\/li>\n<\/ul>\n<\/li>\n<li><strong>Hauptspeisen<\/strong>\n<ul>\n<li>Ceviche (marinierter Kabeljau)<\/li>\n<li>Arroz chaufa (peruanisches Reisgericht)<\/li>\n<\/ul>\n<\/li>\n<li><strong>Dessert<\/strong>\n<ul>\n<li>Peruanischer Milchreis mit Fr\u00fcchten<\/li>\n<li>Bananenkuchen<\/li>\n<\/ul>\n<\/li>\n<\/ul>\n<p>Das Men\u00fc kann aufgewertet werden mit Garnelen in der Ceviche und einem alternativen Hauptgericht: Lomo Saltado (Rindslende mit Reis und Pommes).<\/p>\n","protected":false},"excerpt":{"rendered":"<p>Eine kleine Auswahl an M\u00f6glichkeiten zeigen unsere Beispiel-Buffets Einfaches Buffet Vorspeisen Gr\u00fcner Salat Bruscetta Brot mit Aufstrich Hauptspeisen Penne Schweinefleisch alla Pizzaiola Mediterranes Gem\u00fcse Dessert Schokokuchen Obstplatte oder Obstsalat Einfaches Buffet Sri Lankische K\u00fcche Vorspeise Gem\u00fcsesalat aus Sri Lanka Roti\u00a0 (Fladenbrote mit Kokos) Hauptgerichte Reis Dhal (Linsencurry) Rote-Beete-Curry Bohnencurry Dessert Mangopudding Buffet mittlerer Preisklasse Vorspeisen &hellip; <\/p>\n<p class=\"link-more\"><a href=\"https:\/\/trachauer-hausgemachtes.de\/?page_id=16\" class=\"more-link\"><span class=\"screen-reader-text\">\u201eBeispiel-Buffets\u201c <\/span>weiterlesen<\/a><\/p>\n","protected":false},"author":1,"featured_media":0,"parent":0,"menu_order":0,"comment_status":"closed","ping_status":"closed","template":"","meta":{"jetpack_post_was_ever_published":false,"footnotes":""},"class_list":["post-16","page","type-page","status-publish","hentry"],"yoast_head":"<!-- This site is optimized with the Yoast SEO plugin v27.4 - https:\/\/yoast.com\/product\/yoast-seo-wordpress\/ -->\n<title>Beispiel-Buffets - Trachauer Hausgemachtes<\/title>\n<meta name=\"robots\" content=\"index, follow, max-snippet:-1, max-image-preview:large, max-video-preview:-1\" \/>\n<link rel=\"canonical\" href=\"https:\/\/trachauer-hausgemachtes.de\/?page_id=16\" \/>\n<meta property=\"og:locale\" content=\"de_DE\" \/>\n<meta property=\"og:type\" content=\"article\" \/>\n<meta property=\"og:title\" content=\"Beispiel-Buffets - Trachauer Hausgemachtes\" \/>\n<meta property=\"og:description\" content=\"Eine kleine Auswahl an M\u00f6glichkeiten zeigen unsere Beispiel-Buffets Einfaches Buffet Vorspeisen Gr\u00fcner Salat Bruscetta Brot mit Aufstrich Hauptspeisen Penne Schweinefleisch alla Pizzaiola Mediterranes Gem\u00fcse Dessert Schokokuchen Obstplatte oder Obstsalat Einfaches Buffet Sri Lankische K\u00fcche Vorspeise Gem\u00fcsesalat aus Sri Lanka Roti\u00a0 (Fladenbrote mit Kokos) Hauptgerichte Reis Dhal (Linsencurry) Rote-Beete-Curry Bohnencurry Dessert Mangopudding Buffet mittlerer Preisklasse Vorspeisen &hellip; \u201eBeispiel-Buffets\u201c weiterlesen\" \/>\n<meta property=\"og:url\" content=\"https:\/\/trachauer-hausgemachtes.de\/?page_id=16\" \/>\n<meta property=\"og:site_name\" content=\"Trachauer Hausgemachtes\" \/>\n<meta property=\"article:modified_time\" content=\"2018-11-11T11:40:20+00:00\" \/>\n<meta property=\"og:image\" content=\"https:\/\/trachauer-hausgemachtes.de\/wp-content\/uploads\/2018\/11\/IMG_0361-300x200.jpg\" \/>\n<meta name=\"twitter:card\" content=\"summary_large_image\" \/>\n<meta name=\"twitter:label1\" content=\"Gesch\u00e4tzte Lesezeit\" \/>\n\t<meta name=\"twitter:data1\" content=\"1\u00a0Minute\" \/>\n<script type=\"application\/ld+json\" class=\"yoast-schema-graph\">{\"@context\":\"https:\\\/\\\/schema.org\",\"@graph\":[{\"@type\":\"WebPage\",\"@id\":\"https:\\\/\\\/trachauer-hausgemachtes.de\\\/?page_id=16\",\"url\":\"https:\\\/\\\/trachauer-hausgemachtes.de\\\/?page_id=16\",\"name\":\"Beispiel-Buffets - Trachauer Hausgemachtes\",\"isPartOf\":{\"@id\":\"https:\\\/\\\/trachauer-hausgemachtes.de\\\/#website\"},\"primaryImageOfPage\":{\"@id\":\"https:\\\/\\\/trachauer-hausgemachtes.de\\\/?page_id=16#primaryimage\"},\"image\":{\"@id\":\"https:\\\/\\\/trachauer-hausgemachtes.de\\\/?page_id=16#primaryimage\"},\"thumbnailUrl\":\"https:\\\/\\\/trachauer-hausgemachtes.de\\\/wp-content\\\/uploads\\\/2018\\\/11\\\/IMG_0361-300x200.jpg\",\"datePublished\":\"2018-08-25T13:39:09+00:00\",\"dateModified\":\"2018-11-11T11:40:20+00:00\",\"breadcrumb\":{\"@id\":\"https:\\\/\\\/trachauer-hausgemachtes.de\\\/?page_id=16#breadcrumb\"},\"inLanguage\":\"de\",\"potentialAction\":[{\"@type\":\"ReadAction\",\"target\":[\"https:\\\/\\\/trachauer-hausgemachtes.de\\\/?page_id=16\"]}]},{\"@type\":\"ImageObject\",\"inLanguage\":\"de\",\"@id\":\"https:\\\/\\\/trachauer-hausgemachtes.de\\\/?page_id=16#primaryimage\",\"url\":\"https:\\\/\\\/i0.wp.com\\\/trachauer-hausgemachtes.de\\\/wp-content\\\/uploads\\\/2018\\\/11\\\/IMG_0361.jpg?fit=500%2C333&ssl=1\",\"contentUrl\":\"https:\\\/\\\/i0.wp.com\\\/trachauer-hausgemachtes.de\\\/wp-content\\\/uploads\\\/2018\\\/11\\\/IMG_0361.jpg?fit=500%2C333&ssl=1\",\"width\":500,\"height\":333},{\"@type\":\"BreadcrumbList\",\"@id\":\"https:\\\/\\\/trachauer-hausgemachtes.de\\\/?page_id=16#breadcrumb\",\"itemListElement\":[{\"@type\":\"ListItem\",\"position\":1,\"name\":\"Startseite\",\"item\":\"https:\\\/\\\/trachauer-hausgemachtes.de\\\/\"},{\"@type\":\"ListItem\",\"position\":2,\"name\":\"Beispiel-Buffets\"}]},{\"@type\":\"WebSite\",\"@id\":\"https:\\\/\\\/trachauer-hausgemachtes.de\\\/#website\",\"url\":\"https:\\\/\\\/trachauer-hausgemachtes.de\\\/\",\"name\":\"Trachauer Hausgemachtes\",\"description\":\"\",\"potentialAction\":[{\"@type\":\"SearchAction\",\"target\":{\"@type\":\"EntryPoint\",\"urlTemplate\":\"https:\\\/\\\/trachauer-hausgemachtes.de\\\/?s={search_term_string}\"},\"query-input\":{\"@type\":\"PropertyValueSpecification\",\"valueRequired\":true,\"valueName\":\"search_term_string\"}}],\"inLanguage\":\"de\"}]}<\/script>\n<!-- \/ Yoast SEO plugin. -->","yoast_head_json":{"title":"Beispiel-Buffets - Trachauer Hausgemachtes","robots":{"index":"index","follow":"follow","max-snippet":"max-snippet:-1","max-image-preview":"max-image-preview:large","max-video-preview":"max-video-preview:-1"},"canonical":"https:\/\/trachauer-hausgemachtes.de\/?page_id=16","og_locale":"de_DE","og_type":"article","og_title":"Beispiel-Buffets - Trachauer Hausgemachtes","og_description":"Eine kleine Auswahl an M\u00f6glichkeiten zeigen unsere Beispiel-Buffets Einfaches Buffet Vorspeisen Gr\u00fcner Salat Bruscetta Brot mit Aufstrich Hauptspeisen Penne Schweinefleisch alla Pizzaiola Mediterranes Gem\u00fcse Dessert Schokokuchen Obstplatte oder Obstsalat Einfaches Buffet Sri Lankische K\u00fcche Vorspeise Gem\u00fcsesalat aus Sri Lanka Roti\u00a0 (Fladenbrote mit Kokos) Hauptgerichte Reis Dhal (Linsencurry) Rote-Beete-Curry Bohnencurry Dessert Mangopudding Buffet mittlerer Preisklasse Vorspeisen &hellip; \u201eBeispiel-Buffets\u201c weiterlesen","og_url":"https:\/\/trachauer-hausgemachtes.de\/?page_id=16","og_site_name":"Trachauer Hausgemachtes","article_modified_time":"2018-11-11T11:40:20+00:00","og_image":[{"url":"https:\/\/trachauer-hausgemachtes.de\/wp-content\/uploads\/2018\/11\/IMG_0361-300x200.jpg","type":"","width":"","height":""}],"twitter_card":"summary_large_image","twitter_misc":{"Gesch\u00e4tzte Lesezeit":"1\u00a0Minute"},"schema":{"@context":"https:\/\/schema.org","@graph":[{"@type":"WebPage","@id":"https:\/\/trachauer-hausgemachtes.de\/?page_id=16","url":"https:\/\/trachauer-hausgemachtes.de\/?page_id=16","name":"Beispiel-Buffets - Trachauer Hausgemachtes","isPartOf":{"@id":"https:\/\/trachauer-hausgemachtes.de\/#website"},"primaryImageOfPage":{"@id":"https:\/\/trachauer-hausgemachtes.de\/?page_id=16#primaryimage"},"image":{"@id":"https:\/\/trachauer-hausgemachtes.de\/?page_id=16#primaryimage"},"thumbnailUrl":"https:\/\/trachauer-hausgemachtes.de\/wp-content\/uploads\/2018\/11\/IMG_0361-300x200.jpg","datePublished":"2018-08-25T13:39:09+00:00","dateModified":"2018-11-11T11:40:20+00:00","breadcrumb":{"@id":"https:\/\/trachauer-hausgemachtes.de\/?page_id=16#breadcrumb"},"inLanguage":"de","potentialAction":[{"@type":"ReadAction","target":["https:\/\/trachauer-hausgemachtes.de\/?page_id=16"]}]},{"@type":"ImageObject","inLanguage":"de","@id":"https:\/\/trachauer-hausgemachtes.de\/?page_id=16#primaryimage","url":"https:\/\/i0.wp.com\/trachauer-hausgemachtes.de\/wp-content\/uploads\/2018\/11\/IMG_0361.jpg?fit=500%2C333&ssl=1","contentUrl":"https:\/\/i0.wp.com\/trachauer-hausgemachtes.de\/wp-content\/uploads\/2018\/11\/IMG_0361.jpg?fit=500%2C333&ssl=1","width":500,"height":333},{"@type":"BreadcrumbList","@id":"https:\/\/trachauer-hausgemachtes.de\/?page_id=16#breadcrumb","itemListElement":[{"@type":"ListItem","position":1,"name":"Startseite","item":"https:\/\/trachauer-hausgemachtes.de\/"},{"@type":"ListItem","position":2,"name":"Beispiel-Buffets"}]},{"@type":"WebSite","@id":"https:\/\/trachauer-hausgemachtes.de\/#website","url":"https:\/\/trachauer-hausgemachtes.de\/","name":"Trachauer Hausgemachtes","description":"","potentialAction":[{"@type":"SearchAction","target":{"@type":"EntryPoint","urlTemplate":"https:\/\/trachauer-hausgemachtes.de\/?s={search_term_string}"},"query-input":{"@type":"PropertyValueSpecification","valueRequired":true,"valueName":"search_term_string"}}],"inLanguage":"de"}]}},"jetpack_sharing_enabled":true,"jetpack_shortlink":"https:\/\/wp.me\/PabGIt-g","jetpack-related-posts":[],"_links":{"self":[{"href":"https:\/\/trachauer-hausgemachtes.de\/index.php?rest_route=\/wp\/v2\/pages\/16","targetHints":{"allow":["GET"]}}],"collection":[{"href":"https:\/\/trachauer-hausgemachtes.de\/index.php?rest_route=\/wp\/v2\/pages"}],"about":[{"href":"https:\/\/trachauer-hausgemachtes.de\/index.php?rest_route=\/wp\/v2\/types\/page"}],"author":[{"embeddable":true,"href":"https:\/\/trachauer-hausgemachtes.de\/index.php?rest_route=\/wp\/v2\/users\/1"}],"replies":[{"embeddable":true,"href":"https:\/\/trachauer-hausgemachtes.de\/index.php?rest_route=%2Fwp%2Fv2%2Fcomments&post=16"}],"version-history":[{"count":6,"href":"https:\/\/trachauer-hausgemachtes.de\/index.php?rest_route=\/wp\/v2\/pages\/16\/revisions"}],"predecessor-version":[{"id":70,"href":"https:\/\/trachauer-hausgemachtes.de\/index.php?rest_route=\/wp\/v2\/pages\/16\/revisions\/70"}],"wp:attachment":[{"href":"https:\/\/trachauer-hausgemachtes.de\/index.php?rest_route=%2Fwp%2Fv2%2Fmedia&parent=16"}],"curies":[{"name":"wp","href":"https:\/\/api.w.org\/{rel}","templated":true}]}}